uppose -14 = -v - v. Suppose 3*h = -2*i - 5, 2*i - v*i = 5*h. Let a(c) = 5*c**2 + 2*c + 5. Let m(k) = 6*k**2 + k + 5. Let z(y) = 5*a(y) - 4*m(y). Give z(h).
0
Let v(l) = l**2 + 7*l + 2. Let b be v(-7). Let w(d) = -4 - b + d + 0*d + 0*d + d**3. Let o = 0 - 0. Calculate w(o).
-6
Suppose 20*g + 85 = 5. Let f(p) = -2*p**2 + 6*p + 8. Let b(w) = 4*w**2 + 3*w + w**2 - 17 - 15*w. Let v(l) = 3*b(l) + 7*f(l). What is v(g)?
-3
Let o be ((-14)/(-6))/(1/(-3)). Let y(c) = c + 9. What is y(o)?
2
Let m(q) = -q**2 - 11*q - 5. Suppose 32 = -2*n + 5*b, 2*n - 5*b + 43 = -n. Let i be m(n). Let t(d) = -d**2 - 4*d + 2. What is t(i)?
-3
Let s(r) be the first derivative of -3*r**2 - 1/3*r**3 + 7*r - 7. Calculate s(-5).
12
Let b(p) = -2*p**3 - 4*p + 2*p - p**3 + 2*p**3 - 5*p**2. Let j = 87 + -50. Suppose 5*w + j = n - 4*n, -2*n = -3*w - 7. Calculate b(n).
-8
Suppose -2*s = -4 - 6. Suppose -5*o = s*y + 40, 0 = -5*o + 2*y + 1 - 13. Let h(w) = -w**2 - 5*w - 3. Give h(o).
1
Let r(v) = v**3 + 6*v**2 + 7*v + 6. Suppose -h = -3*k + 8, 2*k = 2*h + 5*k + 7. What is r(h)?
-4
Suppose -5*a + 3*d = 1 - 7, -a + 2*d - 3 = 0. Let k(u) = -u + 1 + a*u**3 + 4*u**2 - 4*u**2 - u**2. Determine k(1).
2
Let u(f) = f**3 - 1 - 77*f + 79*f + 2*f**2 + 0. Give u(-2).
-5
Let n(b) = -b**3 - 9*b**2 - 8*b + 6. Let x be n(-8). Let v(a) = -a**3 + 7*a**2 - 6*a - 8. Give v(x).
-8
Let z(n) be the second derivative of n**4/12 + 5*n**3/6 + 7*n**2/2 - 4*n. Calculate z(-6).
13
Let k(g) = g. Let w(b) = 6*b - 6. Let x(h) = -h - 1. Let m(l) = w(l) + 2*x(l). Let c(y) = 5*k(y) - m(y). Let t be (-4)/((-2 - -4)/2). Calculate c(t).
4
Let a(p) = 2*p**2 + 3*p + 0*p + 3 - 2. Let l = 0 + -2. What is a(l)?
3
Let q(w) = -w + 1. Suppose -16*b + 1 = -15. Determine q(b).
0
Let w(b) = -14*b**2 - 8*b - 1. Let k(z) = 5*z**2 + 3*z. Let i(v) = -3*v + 2. Let d be i(-3). Let q(t) = d*k(t) + 4*w(t). Calculate q(0).
-4
Let a(g) = -3*g**3 - g. Let v be a(-1). Let s(q) be the second derivative of -q**3/6 - q**2/2 + 9*q - 4. Calculate s(v).
-5
Let t(k) = 2*k**2 + k + 1. Let n be t(-1). Let u(r) = 3 + 2*r - 2 + 0*r - n. Determine u(1).
1
Let k = 15 + -12. Let x(q) = 2*q**2 - k + 0*q**3 - 4*q**3 + 3*q**3 + 3*q. Suppose -2 = -0*o - o. Calculate x(o).
3
Let v(t) = 2*t**2 + 4*t - 1. Let z(r) = -2*r**2 - 5*r + 1. Let q(w) = 4*v(w) + 3*z(w). Let f(k) be the first derivative of q(k). Give f(1).
5
Let v(d) be the second derivative of d**6/360 + d**5/24 - d**4/8 + d**3/3 + 2*d. Let i(z) be the second derivative of v(z). Calculate i(-5).
-3
Let q = -9 + 2. Let k = -2 - q. Suppose -6 = k*x - 1. Let s(z) = -7*z**3 + z**2 + z. Give s(x).
7
Let q(i) = i + 2. Let z(o) = -3*o - 4. Let k(x) = 10*q(x) + 4*z(x). Let p(t) = -3*t + 24. Let s be p(7). Give k(s).
-2
Let l(i) = 21*i**2 - i**3 + 3 + 23*i**2 + 0*i**3 + 5*i - 40*i**2. Give l(5).
3
Let m(r) = 4*r + 3. Let a(n) = -n**2 - 6*n + 3. Let q be a(-7). Calculate m(q).
-13
Let v(u) = u - 2. Let q(h) = 3*h**2 - 14*h - 10. Let s(f) = -10*f**2 + 41*f + 29. Let o(r) = 7*q(r) + 2*s(r). Let b be o(17). What is v(b)?
3
Let v(b) = 1 + 5 - 7 - 2*b - 9*b**2 + 0. Calculate v(-1).
-8
Let w(k) = k**2 - k + 2. Let o(y) = y**3 - 8*y**2 + 10*y + 9. Let f be o(6). Give w(f).
14
Let a(k) = -3 + 3 + 2*k**3 + 37*k - 38*k. Determine a(1).
1
Let x(q) = 4*q**2 + 1. Let v(c) = -7*c**2 - 1. Let o(l) = 3*v(l) + 5*x(l). Let g be (-1 + (-6)/(-4))*4. Determine o(g).
-2
Let n(w) = -4*w + 2. Suppose -3*k + 6*k = 6. Suppose -k*i = -3 - 1. What is n(i)?
-6
Let n(a) = -6*a + 0*a**2 + 2*a**2 - a**3 - 1 - a + 8*a. Let x(h) = -2*h**3 - h**2 - h. Let l be x(-1). Suppose -2*t + 3*t - l = 0. Determine n(t).
1
Let u be -4*(-1 + 10/12). Let i(y) be the third derivative of -2*y**2 - u*y**3 - 1/12*y**4 + 0 + 0*y. What is i(-5)?
6
Suppose 6 = 4*t - 2. Let v(n) = -5 + t*n + 2*n - 3*n. Suppose 4*b = -4*r - 16, 0 = -5*r + 2*b + 10 - 2. Give v(r).
-5
Let f(a) be the first derivative of a**3/3 + 2*a**2 - 6*a + 12. Let r(b) = b**3 - b**2 + b - 6. Let c be r(0). What is f(c)?
6
Let u be 2/3*(2 + -5). Let k(q) = 5*q**2 + 3*q. Give k(u).
14
Let n(t) = -t**3 + 6*t**2 - 4*t - 4. Let m be n(5). Let v(r) = 4*r**3 - 4*r**2. Let l(h) = -4*h**3 + 5*h**2. Let y(s) = 3*l(s) + 4*v(s). Calculate y(m).
3
Let r(g) = -2*g + 2. Let b(w) = 3*w - 2. Let n(j) = 3*b(j) + 4*r(j). What is n(6)?
8
Let a(t) = -3*t**3 + 9*t**2 - 7*t + 2. Let b(x) = 10*x**3 - 28*x**2 + 21*x - 6. Let m(v) = 7*a(v) + 2*b(v). Determine m(5).
17
Suppose 0 = -2*n - 0 + 12. Let l(y) = y**3 - 7*y**2 + 6*y + 4. Calculate l(n).
4
Suppose 0 = 5*c - 0*c + 10, -4*c = -5*q + 18. Suppose 7 = -2*r - 5*g - 7, -2 = -q*r + 3*g. Let l(u) be the second derivative of u**3/3 + u**2 + u. Give l(r).
-2
Let v(l) = -l**3 - 7*l**2 + 16*l - 12. Let z be v(-9). Let q(i) = -i**2 + 4*i - 6. Give q(z).
-18
Let d(i) = 3*i**3 + 3*i**2 + 4*i + 12. Let u(a) = 5*a**3 + 7*a**2 + 7*a + 23. Let s(b) = -7*d(b) + 4*u(b). What is s(7)?
8
Let p(i) = -i**3 - 7*i**2 + 9*i + 12. Let t be -2 + (3 - (8 - -1)). What is p(t)?
4
Let c be 6/(-21) + (-23)/(-7). Let k(d) = 4*d - c*d + 1 - 2. Let a(i) = 2*i - 1. Let r(n) = -6*a(n) + 13*k(n). Give r(3).
-4
Let x(w) = -w**2 - 5*w + 1. Let m(k) = 2*k - 16. Let a be m(10). Suppose 5*o + 16 = -4*u, -5*o + 2*o = a*u + 16. Determine x(u).
5
Let b(c) be the first derivative of -c**3/3 - 3*c**2/2 - c - 12. What is b(-3)?
-1
Let g = -163/2 - -83. Let p(b) be the first derivative of -b + 1 + 1/3*b**3 + g*b**2. Determine p(-3).
-1
Let r(x) = -6 + 1 + x**2 + x - 10. What is r(0)?
-15
Let p(b) = b**2 + 11*b + 14*b - 25*b. What is p(-1)?
1
Let x be (9/6)/(6/(-8)). Let h = -1 - x. Let i(u) = 3*u - 2*u - h + 4. What is i(-5)?
-2
Let h(r) = r**2 + 1. Let m(u) = -2*u**2 - u - 6. Let t(d) = -d + 1. Let g be t(0). Let b(o) = g*m(o) + 3*h(o). Give b(-3).
9
Let d(u) = u**3 + 5*u**2 - 5*u + 8. Let t be d(-6). Let i(v) = 3 + 2 - 4 - v**t - 2*v. Suppose -h + b = -1, -5*h + 5*b + 11 = -3*h. What is i(h)?
1
Let l be 1/(-5) + (-63)/(-15). Let p(a) be the third derivative of a**5/40 - 5*a**4/24 - a**3/6 + 2*a**2. Let o(x) be the first derivative of p(x). Give o(l).
7
Suppose -3*j - 4*p = 0, 5*j + 0*j - 23 = p. Let a(s) = j*s + 0 - 4 + 1 - s**2. Let m(v) = v**2 + 2*v + 2. Let n be m(-3). Determine a(n).
-8
Let f(s) be the third derivative of s**6/120 + s**5/12 + 5*s**4/24 + s**3/3 - 4*s**2. Let q be (-1 - (-4)/6)*9. What is f(q)?
5
Let c(u) = 10*u**2 + 3*u - 1. Let n(v) = -31*v**2 - 10*v + 3. Let p(z) = 7*c(z) + 2*n(z). Calculate p(1).
8
Suppose 4*d = -4*q - 4, 2*q - 7*q - 23 = -4*d. Let p be d - (-2 + 1)*3. Let l(j) be the second derivative of -j**4/12 + 2*j**3/3 + 3*j**2/2 - 2*j. Give l(p).
-2
Let y(s) = -s**2 + 13 + 12 - 19 - s. Give y(0).
6
Let u = 9 - 10. Suppose 4*h + 4 = -8. Let j be u/(h/(-9)) + 0. Let k(b) = -b**3 - 5*b**2 - 3*b + 3. What is k(j)?
-6
Let n(g) be the first derivative of -g**2/2 - g - 54. Calculate n(5).
-6
Let r(s) = s**2 + 2*s. Let o(i) = i**2 + i + 1. Let b(x) = 5*o(x) - 6*r(x). Determine b(-6).
11
Let c(i) = -4 + 3 - 4*i + 3*i. Suppose 0 = -4*d + 2*t + 84, -d + t = -17 - 5. Suppose d = 3*v + v. What is c(v)?
-6
Let u(s) = 101*s + s**3 - 102*s + 3*s**2 - 4*s**3 + 2*s**3. Suppose 0 = 5*n - 3*t - 2*t, -n + 2*t + 4 = 0. Let g = -2 - n. Give u(g).
2
Let p = -22 - -19. Let u = p + 4. Let i(c) = 6*c**2 + 9*c + 2. Let b(d) = -3*d**2 - 4*d - 1. Let f(m) = -13*b(m) - 6*i(m). Calculate f(u).
2
Let w(n) be the first derivative of -1/4*n**4 + 1/3*n**3 + n**2 + 4*n - 5. Determine w(3).
-8
Let x(u) = -u**2 + 3*u + 3. Let s be x(3). Let i(y) = -3 + 4*y**2 - 3*y**2 + 0*y**2 + 0*y - s*y. Calculate i(5).
7
Let d(k) = -3*k - 3. Let u(s) = -8*s - 10. Let p(q) = 11*d(q) - 4*u(q). Calculate p(7).
0
Suppose -5*r + 36 = -4*h, 5*r - 45 = 5*h + 2*r. Let z be (-4)/18 - (-25)/h. Let q = 7 + z. Let o(f) = f**2 - 3*f + 3. Determine o(q).
7
Let h(x) = -5*x - 6. Let c(a) = 2*a + 2. Let s(i) = -8*c(i) - 3*h(i). Suppose 3*j + 2*u - u - 3 = 0, 12 = 4*j + 4*u. Determine s(j).
2
Let s be ((-9)/6)/(3/(-6)). Let p(v) = 5*v + v**2 + 4 - 3 - s. Suppose 3*c = -2*c - 20. What is p(c)?
-6
Let a(y) = -2*y - 1. Suppose -2*n = 1 - 5. Let k(l) = 4*l + 13. Let q be k(-4). Let m = q + n. Determine a(m).
1
Let j be 6/18*-3*4/(-1). Let k(w) be the second derivative of 0 + 4*w - 5/6*w**3 - 1/2*w**j + 2*w**2 - 1/20*w**5. Calculate k(-4).
-8
Let c(y) = y**3 - 2